{"id":3498,"date":"2026-04-05T22:01:16","date_gmt":"2026-04-05T22:01:16","guid":{"rendered":"https:\/\/dzaircapz.com\/?post_type=product&#038;p=3498"},"modified":"2026-04-05T22:32:36","modified_gmt":"2026-04-05T22:32:36","slug":"casquette-polemik-adventure-beige-gris-trucker-filet","status":"publish","type":"product","link":"https:\/\/dzaircapz.com\/arabe\/product\/casquette-polemik-adventure-beige-gris-trucker-filet\/","title":{"rendered":"Casquette Polemik Adventure Beige &#038; Gris Trucker Filet"},"content":{"rendered":"<p data-path-to-node=\"6,1,0\">Une casquette Trucker moderne aux tons neutres et au design inspir\u00e9 par la nature. Compos\u00e9e d&rsquo;une face beige cr\u00e8me et d&rsquo;un filet gris clair pour une ventilation maximale, elle arbore l&rsquo;\u00e9cusson brod\u00e9 \u00ab\u00a0Polemik Adventure\u00a0\u00bb. Un choix id\u00e9al pour un look quotidien confortable et styl\u00e9.<\/p>\n<p style=\"font-size: 17px; font-weight: bold; color: #0b3d91; border: 2px solid #0B3D91; padding: 1px 6px; display: inline-block; border-radius: 4px;\">One Size 55cm &#8211; 60cm<\/p>","protected":false},"excerpt":{"rendered":"<p>Une casquette Trucker moderne aux tons neutres et au design inspir\u00e9 par la nature. Compos\u00e9e d&rsquo;une face beige cr\u00e8me et d&rsquo;un filet gris clair pour une ventilation maximale, elle arbore l&rsquo;\u00e9cusson brod\u00e9 \u00ab\u00a0Polemik Adventure\u00a0\u00bb. Un choix id\u00e9al pour un look quotidien confortable et styl\u00e9. One Size 55cm &#8211; 60cm<\/p>","protected":false},"featured_media":3516,"comment_status":"open","ping_status":"closed","template":"","meta":[],"product_brand":[],"product_cat":[28,31,32],"product_tag":[],"class_list":{"0":"post-3498","1":"product","2":"type-product","3":"status-publish","4":"has-post-thumbnail","6":"product_cat-nouvelle","7":"product_cat-strapback","8":"product_cat-casquettes-de-trucker","10":"first","11":"instock","12":"sale","13":"shipping-taxable","14":"purchasable","15":"product-type-simple"},"_links":{"self":[{"href":"https:\/\/dzaircapz.com\/arabe\/wp-json\/wp\/v2\/product\/3498","targetHints":{"allow":["GET"]}}],"collection":[{"href":"https:\/\/dzaircapz.com\/arabe\/wp-json\/wp\/v2\/product"}],"about":[{"href":"https:\/\/dzaircapz.com\/arabe\/wp-json\/wp\/v2\/types\/product"}],"replies":[{"embeddable":true,"href":"https:\/\/dzaircapz.com\/arabe\/wp-json\/wp\/v2\/comments?post=3498"}],"wp:featuredmedia":[{"embeddable":true,"href":"https:\/\/dzaircapz.com\/arabe\/wp-json\/wp\/v2\/media\/3516"}],"wp:attachment":[{"href":"https:\/\/dzaircapz.com\/arabe\/wp-json\/wp\/v2\/media?parent=3498"}],"wp:term":[{"taxonomy":"product_brand","embeddable":true,"href":"https:\/\/dzaircapz.com\/arabe\/wp-json\/wp\/v2\/product_brand?post=3498"},{"taxonomy":"product_cat","embeddable":true,"href":"https:\/\/dzaircapz.com\/arabe\/wp-json\/wp\/v2\/product_cat?post=3498"},{"taxonomy":"product_tag","embeddable":true,"href":"https:\/\/dzaircapz.com\/arabe\/wp-json\/wp\/v2\/product_tag?post=3498"}],"curies":[{"name":"wp","href":"https:\/\/api.w.org\/{rel}","templated":true}]}}